 - (-8 - -2 - -11)).
2
What is -2 - (-1 + (1 - (-1 + -1)))?
-4
1 + (-4 - (-3 + 7 + -7))
0
Calculate 5 + -1 + (2 - 6) - 1.
-1
What is the value of 7 - 2 - (-2 - 4 - 0)?
11
Calculate (-4 - (4 - 10)) + -7 - -12.
7
What is the value of -19 - ((-1 - -2) + -12)?
-8
-3 + (-4 + 5 - (-1 - 0))
-1
Calculate 2 + -3 + 2 + (3 - -1).
5
(1 - (-4 - (4 + -14))) + 8
3
4 - (15 + -4) - (1 + -1)
-7
-1 - (1 + -1 + -6) - 10
-5
Evaluate -5 + 10 + (-5 - 0).
0
What is 0 + (4 - 1 - (0 - 0))?
3
Evaluate -17 + 8 - (-1 - 4) - -9.
5
Evaluate -7 + 17 + -8 + -4.
-2
Calculate 8 + (-12 - 1) - 1.
-6
Calculate (4 - (-6 + 2 - -15)) + 1.
-6
2 + (2 - (-8 + 10))
2
What is the value of -2 + -1 - (6 + -5)?
-4
What is the value of -44 - -32 - (-7 + (-3 - -5))?
-7
Evaluate (24 - (5 - -3) - 7) + 1.
10
Calculate 6 + -15 + (1 + 1 - -6).
-1
What is (3 - 5) + -2 + 1 + -1?
-4
Evaluate 0 + -4 + 6 + (0 - 0).
2
Calculate -1 - (-3 - (3 - 3) - -3).
-1
What is -9 + (-8 + -1 - (-2 + -6))?
-10
What is 0 + 3 - (4 + (-1 - 1))?
1
Calculate -12 + 13 + 5 + -3 + 2.
5
What is the value of -3 + -3 + -2 + 3?
-5
What is the value of -15 + 0 - (-11 + -3 + 8)?
-9
What is the value of -1 + -3 + 4 + 2 + -1?
1
Evaluate -1 - (7 - (7 + -5) - 6).
0
What is the value of -6 + 0 - (-7 - -7 - 4)?
-2
What is the value of -3 - 0 - (0 + -6) - -2?
5
Evaluate 1 + -3 + 5 - (-3 - 1).
7
Calculate -4 + 4 - (2 - 5).
3
What is the value of -3 - -2 - -2 - (-6 - -8)?
-1
(8 - -2) + -8 + 0 + 2
4
What is the value of 0 + 0 + (7 + -1 - 2)?
4
What is 2 + 4 + -4 + 2?
4
0 + (-3 + 3 - -2)
2
What is (-297 - -294) + -7 + 0 + 0?
-10
-1 + -2 + 3 + 1 - -1
2
Evaluate 1 - (-1 + 5 - 3).
0
Evaluate 0 + -6 - (-3 + -2 + 8).
-9
Evaluate 9 + (1 - 5) - 8.
-3
What is -5 + 8 + -14 - -4 - -6?
-1
Calculate 2 + -5 + -1 + 0.
-4
What is 2 + 1 - (-1 + 4)?
0
Evaluate 0 + 4 + (-1 - 0).
3
-9 + -1 - (52 + -62)
0
What is the value of -1 + 4 + 115 + -115?
3
Evaluate 0 + 1 + (3 - (-1 - -3)).
2
What is the value of 2 - (0 - (0 + 3 - 4))?
1
Calculate -1 + (8 - 7) + -1.
-1
What is the value of 2 - (5 - 2) - -4?
3
Calculate 2 - (5 - (-4 + 9)).
2
2 - (12 + -6 + 1)
-5
What is the value of (2 + -4 - -5) + -8?
-5
-9 + 14 + -3 + -1
1
-1 + 3 - 4 - -4
2
(-5 - -10) + (-3 - (-2 - 3))
7
What is the value of 5 + (9 - 2) + -10?
2
-12 + (2 - (-1 - 4))
-5
What is the value of 6 - 8 - 6 - -4?
-4
17 + -12 + (4 - 11)
-2
Evaluate -9 + 2 + 1 + -1 + 13.
6
What is 10 + 11 + -25 - -7?
3
What is 3 - (2 - 6 - (-2 - 0))?
5
(1 - -2) + -10 - -12
5
What is -12 + 7 + -3 + 17?
9
Calculate 0 + -3 - (5 - 8).
0
Calculate -4 - (-4 + -5 - -5).
0
Calculate -15 - -15 - (5 - (3 - 5)).
-7
What is -7 - 0 - (-7 + (10 - 10))?
0
What is -5 + 6 - ((-1 - -2) + -1)?
1
0 - (4 - (-3 + 5))
-2
What is the value of -72 + 78 - (12 - 1)?
-5
Calculate -2 - (6 + -2 + -2 + 0).
-4
What is the value of (4 - 4 - 3) + (-1 - -2)?
-2
2 - (2 + -2) - 3
-1
What is the value of 0 + 1 - (1 - (7 - 2))?
5
Calculate (-12 - -11 - (0 - -1)) + 7.
5
What is -8 - -14 - 0 - 6 - -5?
5
Evaluate -3 + 5 - (-1 + (1 - 0)).
2
What is the value of (3 + 5 - 15) + 2?
-5
What is the value of 4 - (-2 - -1 - 1)?
6
Evaluate -10 + 8 + (5 - 5) + 3.
1
Evaluate 4 + -3 + 9 + -6 + 0.
4
What is -6 + (1 - -7) + 2 + -4?
0
What is the value of -2 - -1 - (-1 - (-7 - -8))?
1
-7 + (6 - (3 + (-10 - -4)))
2
What is the value of 3 + (0 - -1) + -5?
-1
Calculate (1 - -3 - 6) + 8.
6
Evaluate -3 + 3 - (2 + 0).
-2
What is the value of -140 + 140 + 1 + -1 + -2?
-2
Calculate (-7 - (-2 - (10 + -7))) + 3.
1
Evaluate -3 + 2 - (-1 - -2 - 0).
-2
-4 - -2 - 2 - (23 + -25)
-2
What is -9 + 14 + -8 - (2 - 11)?
6
Calculate 0 + 2 + (-4 - 1) - -2.
-1
Evaluate -4 - (4 + 2 + -12).
2
What is 9 + -6 + -6 - (-2 + -1)?
0
What is 2 + (-1 + -2 + 1 - 3)?
-3
What is the value of -1 + -5 + (25 - 14)?
5
Calculate 3 - (9 - 13 - (0 + -2)).
5
What is the value of (-5 - 1 - (-10 + 8)) + 9?
5
What is the value of (-10 - -8) + -1 - (-2 - 10)?
9
(-1 + -6 - (-7 + 4)) + 1
-3
Calculate -5 + 8 + (-10 - -4).
-3
What is the value of 5 - (12 + -7 + 3)?
-3
Calculate (5 - (9 - 10)) + -2.
4
What is -10 - (2 + -7 + -2)?
-3
What is the value of 9 - 15 - -2 - (1 - 0)?
-5
What is the value of (6 - 0) + -6 + -1 + -1?
-2
Evaluate 8 + -14 + 17 - (1 - -4).
6
What is the value of -9 + 3 + 10 + -1?
3
What is 1 + -3 - -3 - (-4 - -6)?
-1
Calculate -3 + -1 + (-3 - -6).
-1
Evaluate 0 + -1 + (-21 - -10 - -6).
-6
Evaluate 0 + 4 + (38 - 38) + 2.
6
Calculate (22 - 9) + -2 - 11.
0
Calculate (-140 - -137) + -2 + 0 + 8.
3
What is the value of (-8 - -14 - -2) + -8?
0
What is the value of 6 - (-10 + (-9 - -16))?
9
Calculate 4 + -12 + (-5 - -5).
-8
1 + 0 + 0 + -1
0
What is -1 + 0 + 2 + 3?
4
Evaluate (2 - 9) + 1 + (1 - -2).
-3
What is the value of (-3 - ((2 - -4) + -9)) + -8?
-8
What is the value of (5 - (-4 + 4 + -3)) + -5?
3
What is -15 + 9 + (3 - 1 - 1)?
-5
What is 0 + (-7 + 8 - 3) + -6?
-8
What is -6 + (-2 - -7) + 1?
0
What is -8 + 1 + 1 + 14 + -14?
-6
Calculate 39 + -40 + (-3 - 1).
-5
What is 10 - (-6 + -1 + 8)?
9
Evaluate (-30 - -37) + (0 - 7).
0
-1 + -5 + -3 + 16
7
Evaluate 92 + -91 + (-10 - 1).
-10
Evaluate (-5 - -10) + 5 + -9.
1
Evaluate -1 + -6 + 5 + 10 + -5.
3
What is 2 - (0 - (0 + (1 - 1)))?
2
-8 + -1 - (56 + -64)
-1
What is -3 - ((0 - -4) + -3)?
-4
Calculate 5 - ((8 - 4) + 5 + -10).
6
4 - 1 - (0 + -10 + 16)
-3
(6 - -5) + (-4 + 2 - 2)
7
-2 - (-8 + (2 - 1))
5
What is -2 + 3 + -10 + 4 + 0?
-5
What is the value of -4 - (6 - (0 + 6))?
-4
What is the value of 0 - (2 + (0 - (1 - -3)))?
2
Calculate (-102 - -100) + (0 - 6).
-8
What is the value of (-1 + 3 - 3) + 2?
1
Evaluate 3 - ((9 - 4) + 4).
-6
Calculate -2 - (2 - 2) - (-1 + -5).
4
Calculate -2 - (-7 - (3 + -11)).
-3
Calculate -3 + (-3 - (-3 - 4) - -5).
6
What is the value of -1 - (0 + (0 - 2)) - -1?
2
What is -2 - (-1 - (-3 + 8))?
4
Evaluate 3 + -2 + 5 + -5.
1
Evaluate 2 + 1 + 0 + (6 - 4).
5
-6 + (9 - (-3 + 1))
5
5 - (10 - (-6 + 15))
4
0 + 1 + 1 - (-20 - -21)
1
(1 - 0) + -4 + 6
3
Evaluate -2 + -3 + -1 + 3.
-3
What is -3 + 5 + -3 - (-1 - 1)?
1
Calculate 1 + -3 + 1 - 2.
-3
Evaluate (2 - -2) + (28 - 38).
-6
What is the value of 2 + -7 + (1 - -4) + -2?
-2
Calculate -14 - (14 - 24) - (1 + -7).
2
Calculate -2 - (2 + -4 + 3).
-3
What is -7 + 15 - -4 - 21?
-9
What is 2 + 0 - (7 + (-1 - 9))?
5
Evaluate (0 - -4) + -6 + (-2 - -3).
-1
What is the value of (-6 + 2 + -2 - -3) + -4?
-7
Evaluate 0 + -1 + 3 + 1 + -8.
-5
2 + 3 + -1 + 0 + -7
-3
Calculate (4 - (2 - 2)) + -2 + 0.
2
Calculate -3 + -2 + (0 - -3) + -1.
-3
What is the value of 12 - 12 - (9 + -1)?
-8
What is -1 - 10 - (8 + -4 - 9)?
-6
Calculate -5 - (-4 - -8 - 4 - 0).
-5
What is the value of -1 + 2 + -15 + 5?
-9
(1 - 4 - -12) + -13
-4
What is -6 + (4 - (-6 + 10 + -4))?
-2
Evaluate 2 + -1 - (-1 + -1 + 2).
1
What is the value of (-6 - -6) + 2 + 0 + -5?
-3
Evaluate 1 - (5 + (-5 - -4)).
-3
What is the value of -4 + 0 - (23 + -23)?
-4
Calculate 0 + (3 - 0) + 1 + -4.
0
-4 - (4 - 7 - (1 - -2))
2
What is the value of -13 - -5 - 3 - -2?
-9
Calculate 3 - (1 - 2) - 4.
0
-13 + 0 + 4 - -4 - -5
0
(-3 - -1) + (-3 - 3 - -5)
-3
4 + -6 + 3 + 3
4
Calculate (0 - (-2 - 4)) + 3 - 4.
5
Calculate 2 - 2 - (10 + -5).
-5
Evaluate 4 + (6 - 6) + (0 - 4).
0
-1 - 1 - ((9 - 4) + -3)
-4
402 - 395 - (15 - 1 - -1)
-8
Evaluate (9 + -5 - 7) + -1.
-4
Evaluate (10 - -1) + -8 - 12.
-9
What is -1 + (15 - (-6 + 4 + 8))?
8
Calculate 5 - 2 - 8 - -4.
-1
Calculate 5 + (-8 - -5) + 0.
2
What is -3 - (-2 + 0 + (1 - 4))?
2
Calculate -2 - -9 - (-1 - -14).
-6
What is -1 + -2 + 0 + -1 + -1?
-5
What is (-1 + -4 - -8 - 8) + -2?
-7
-6 - (-8 - -2 - (38 + -47))
-9
What is the value of -3 - 1 - (-1 + -1 + -8)?
6
What is 2 - 1 - -6 - (163 - 163)?
7
What is 63 + -58 - (1 + (-3 - -2))?
5
Evaluate 26 - 27 - (-7 + -2).
8
Evaluate -6 + 1 + (22 - 22).
-5
What is the value of -1 + -1 - (-3 - (-1 - 4))?
-4
Evaluate -46 + 41 + (-1 - (1 + -2)).
-5
1 - (1 + 0 + (-4 - 1))
5
-11 + 10 - -9 - 9
-1
Calculate -6 + 16 + -5 - 4.
1
Evaluate 6 - (0 + 8 - 6).
4
What is 7 + (1 - (-3 - -6)) - 0?
5
What is the value of (-4 - 0) + 9 - (2 + 1)?
2
What is (-7 - (0 + 7 - 8)) + 14?
8
Calculate (0 - ((1 - -3) + 0)) + 6.
2
Evaluate 0 + (6 + -7 - (-1 - 0)).
0
What is the value of 0 - (1 - -2 - 1 - -3)?
-5
What is -12 - (4 - 10) - (2 + -5)?
-3
What is the value of -5 - (-6 - (-1 - -5))?
5
What is the value of -3 + (0 - (-1 - 2)) - 5?
-5
Calc